{"id":34121,"date":"2026-04-29T09:59:59","date_gmt":"2026-04-29T07:59:59","guid":{"rendered":"https:\/\/animicaportraits.com\/product\/roberto-dutesco\/"},"modified":"2026-04-29T11:47:22","modified_gmt":"2026-04-29T09:47:22","slug":"roberto-dutesco","status":"publish","type":"product","link":"https:\/\/animicaportraits.com\/fr\/produit\/roberto-dutesco\/","title":{"rendered":"Roberto Dutesco"},"content":{"rendered":"","protected":false},"excerpt":{"rendered":"<p><strong>Roberto Dutesco<\/strong> est un <em>photographe et cin\u00e9aste canadien<\/em> qui voyage et travaille dans le monde entier, de <em>Montr\u00e9al \u00e0 New York, en passant par S\u00e3o Paulo, au Br\u00e9sil.<\/em><\/p>\n<p>Dutesco a d\u00e9but\u00e9 sa carri\u00e8re comme photographe de mode \u00e0 Montr\u00e9al, au Canada.<\/p>\n<p>Artiste et documentariste de renomm\u00e9e internationale, il travaille depuis 30 ans sur le projet \u00ab\u00a0<strong>LES CHEVAUX SAUVAGES DE L\u2019\u00ceLE DE SABLE<\/strong>\u00a0\u00bb, expos\u00e9 \u00e0 Venise, sur <em>l\u2019\u00eele de San Giorgio Maggiore<\/em>, aux <strong>STANZE DELLA FOTOGRAFIA<\/strong>\u00a0; <em>Fondazione Cini,<\/em> jusqu\u2019au 5 juillet 2026.<\/p>\n<p>\u00c0 l\u2019occasion de cette exposition, la <em>photographe<\/em> et auteure <strong>Barbara Pigazzi<\/strong> a <strong>r\u00e9alis\u00e9 un portrait de Dutesco<\/strong> devant ses \u0153uvres, qu\u2019elle a imprim\u00e9es et authentifi\u00e9es comme \u0153uvres d\u2019art.<\/p>\n<p><strong>Lieu:<\/strong> LE STANZE DELLA FOTOGRAFIA<br \/>\n\u00cele de San Giorgio Maggiore, Venise<br \/>\n<strong>Date:<\/strong> 23 avril 2026<br \/>\n<strong>Portraits:<\/strong> Barbara Pigazzi Portraits<br \/>\n<strong>Bureau de presse:<\/strong> Responsable d&rsquo;Animica Portraits<br \/>\nufficiostampa@animicaportraits.com<\/p>\n","protected":false},"featured_media":34050,"comment_status":"open","ping_status":"closed","template":"","meta":{"_acf_changed":false},"attore":[],"product_brand":[],"product_cat":[679],"product_tag":[877,874,876,875],"giftcard-category":[],"class_list":{"0":"post-34121","1":"product","2":"type-product","3":"status-publish","4":"has-post-thumbnail","6":"product_cat-visages-importants","7":"product_tag-fondazione-cini","8":"product_tag-i-am-wild","9":"product_tag-le-stanze-della-fotografia","10":"product_tag-roberto-dutesco","12":"first","13":"instock","14":"taxable","15":"shipping-taxable","16":"product-type-simple"},"acf":[],"_links":{"self":[{"href":"https:\/\/animicaportraits.com\/fr\/wp-json\/wp\/v2\/product\/34121","targetHints":{"allow":["GET"]}}],"collection":[{"href":"https:\/\/animicaportraits.com\/fr\/wp-json\/wp\/v2\/product"}],"about":[{"href":"https:\/\/animicaportraits.com\/fr\/wp-json\/wp\/v2\/types\/product"}],"replies":[{"embeddable":true,"href":"https:\/\/animicaportraits.com\/fr\/wp-json\/wp\/v2\/comments?post=34121"}],"version-history":[{"count":1,"href":"https:\/\/animicaportraits.com\/fr\/wp-json\/wp\/v2\/product\/34121\/revisions"}],"predecessor-version":[{"id":34163,"href":"https:\/\/animicaportraits.com\/fr\/wp-json\/wp\/v2\/product\/34121\/revisions\/34163"}],"wp:featuredmedia":[{"embeddable":true,"href":"https:\/\/animicaportraits.com\/fr\/wp-json\/wp\/v2\/media\/34050"}],"wp:attachment":[{"href":"https:\/\/animicaportraits.com\/fr\/wp-json\/wp\/v2\/media?parent=34121"}],"wp:term":[{"taxonomy":"attore","embeddable":true,"href":"https:\/\/animicaportraits.com\/fr\/wp-json\/wp\/v2\/attore?post=34121"},{"taxonomy":"product_brand","embeddable":true,"href":"https:\/\/animicaportraits.com\/fr\/wp-json\/wp\/v2\/product_brand?post=34121"},{"taxonomy":"product_cat","embeddable":true,"href":"https:\/\/animicaportraits.com\/fr\/wp-json\/wp\/v2\/product_cat?post=34121"},{"taxonomy":"product_tag","embeddable":true,"href":"https:\/\/animicaportraits.com\/fr\/wp-json\/wp\/v2\/product_tag?post=34121"},{"taxonomy":"giftcard-category","embeddable":true,"href":"https:\/\/animicaportraits.com\/fr\/wp-json\/wp\/v2\/giftcard-category?post=34121"}],"curies":[{"name":"wp","href":"https:\/\/api.w.org\/{rel}","templated":true}]}}

<p><strong>Roberto Dutesco</strong> est un <em>photographe et cinéaste canadien</em> qui voyage et travaille dans le monde entier, de <em>Montréal à New York, en passant par São Paulo, au Brésil.</em></p>
<p>Dutesco a débuté sa carrière comme photographe de mode à Montréal, au Canada.</p>
<p>Artiste et documentariste de renommée internationale, il travaille depuis 30 ans sur le projet « <strong>LES CHEVAUX SAUVAGES DE L’ÎLE DE SABLE</strong> », exposé à Venise, sur <em>l’île de San Giorgio Maggiore</em>, aux <strong>STANZE DELLA FOTOGRAFIA</strong> ; <em>Fondazione Cini,</em> jusqu’au 5 juillet 2026.</p>
<p>À l’occasion de cette exposition, la <em>photographe</em> et auteure <strong>Barbara Pigazzi</strong> a <strong>réalisé un portrait de Dutesco</strong> devant ses œuvres, qu’elle a imprimées et authentifiées comme œuvres d’art.</p>
<p><strong>Lieu:</strong> LE STANZE DELLA FOTOGRAFIA<br />
Île de San Giorgio Maggiore, Venise<br />
<strong>Date:</strong> 23 avril 2026<br />
<strong>Portraits:</strong> Barbara Pigazzi Portraits<br />
<strong>Bureau de presse:</strong> Responsable d&rsquo;Animica Portraits<br />
ufficiostampa@animicaportraits.com</p>
